t of 170533023?
0
What is the thousands digit of 182163124?
3
What is the hundreds digit of 382562731?
7
What is the hundreds digit of 62627977?
9
What is the thousands digit of 70071312?
1
What is the units digit of 50613014?
4
What is the hundred millions digit of 227652691?
2
What is the hundreds digit of 44624853?
8
What is the millions digit of 1774387077?
4
What is the hundreds digit of 3493263312?
3
What is the ten millions digit of 290652354?
9
What is the ten millions digit of 142224613?
4
What is the ten millions digit of 5006147302?
0
What is the ten millions digit of 193145420?
9
What is the hundred millions digit of 1261801935?
2
What is the units digit of 144701540?
0
What is the millions digit of 5402235928?
2
What is the ten thousands digit of 38541892?
4
What is the hundreds digit of 1543810543?
5
What is the millions digit of 556485004?
6
What is the hundred millions digit of 3648253650?
6
What is the hundred thousands digit of 2107386473?
3
What is the ten thousands digit of 6293859579?
5
What is the units digit of 38667550?
0
What is the units digit of 420769342?
2
What is the ten thousands digit of 2529477240?
7
What is the ten millions digit of 1918503380?
1
What is the hundreds digit of 354382309?
3
What is the hundred millions digit of 2927847221?
9
What is the hundred thousands digit of 567851262?
8
What is the ten thousands digit of 1561385435?
8
What is the hundreds digit of 78750157?
1
What is the hundred millions digit of 116449412?
1
What is the hundred thousands digit of 1503125751?
1
What is the units digit of 343364680?
0
What is the hundreds digit of 1272729216?
2
What is the hundred millions digit of 1949030471?
9
What is the millions digit of 1182547147?
2
What is the ten thousands digit of 2863156757?
5
What is the tens digit of 26848968?
6
What is the tens digit of 62433036?
3
What is the tens digit of 196801200?
0
What is the units digit of 3602430338?
8
What is the units digit of 104721467?
7
What is the thousands digit of 16800084?
0
What is the units digit of 199608568?
8
What is the hundred thousands digit of 134357644?
3
What is the ten millions digit of 3026887886?
2
What is the hundred millions digit of 194996769?
1
What is the millions digit of 903197976?
3
What is the ten thousands digit of 227218342?
1
What is the ten millions digit of 1378041723?
7
What is the millions digit of 3287669848?
7
What is the tens digit of 27870306?
0
What is the hundreds digit of 128940468?
4
What is the ten millions digit of 59578318?
5
What is the hundred millions digit of 138892082?
1
What is the tens digit of 162780054?
5
What is the ten millions digit of 3276689089?
7
What is the ten millions digit of 422369869?
2
What is the millions digit of 1037305703?
7
What is the thousands digit of 136670053?
0
What is the ten millions digit of 43344412?
4
What is the thousands digit of 53459235?
9
What is the millions digit of 1513714078?
3
What is the hundreds digit of 2543559448?
4
What is the millions digit of 229136568?
9
What is the tens digit of 169195031?
3
What is the ten millions digit of 2588762981?
8
What is the hundred thousands digit of 233659629?
6
What is the millions digit of 2891905794?
1
What is the hundred thousands digit of 421850049?
8
What is the thousands digit of 5261369037?
9
What is the thousands digit of 510440239?
0
What is the tens digit of 355133101?
0
What is the tens digit of 121464206?
0
What is the thousands digit of 90462517?
2
What is the tens digit of 7383173946?
4
What is the hundred millions digit of 330747879?
3
What is the ten thousands digit of 7494116?
9
What is the thousands digit of 7727660302?
0
What is the millions digit of 1980347431?
0
What is the ten thousands digit of 54622374?
2
What is the units digit of 3287723806?
6
What is the ten millions digit of 6655464251?
5
What is the hundreds digit of 88364817?
8
What is the units digit of 1893578438?
8
What is the thousands digit of 265216?
5
What is the millions digit of 38763369?
8
What is the tens digit of 4474305283?
8
What is the tens digit of 2974985592?
9
What is the thousands digit of 64041961?
1
What is the thousands digit of 300177012?
7
What is the hundred thousands digit of 3908113734?
1
What is the millions digit of 46454596?
6
What is the millions digit of 22219585?
2
What is the tens digit of 4338776611?
1
What is the hundreds digit of 56481793?
7
What is the tens digit of 260382305?
0
What is the ten thousands digit of 981071407?
7
What is the hundred thousands digit of 59397309?
3
What is the tens digit of 7930631652?
5
What is the hundred thousands digit of 1236968?
2
What is the hundred thousands digit of 2436514047?
5
What is the ten millions digit of 44810682?
4
What is the ten millions digit of 200769960?
0
What is the hundreds digit of 80288413?
4
What is the millions digit of 3800929676?
0
What is the millions digit of 12255183?
2
What is the hundreds digit of 830145513?
5
What is the ten thousands digit of 101897303?
9
What is the billions digit of 5820947195?
5
What is the ten millions digit of 594125550?
9
What is the hundreds digit of 69902288?
2
What is the units digit of 42655437?
7
What is the tens digit of 548065218?
1
What is the ten millions digit of 11436768?
1
What is the hundred thousands digit of 122982456?
9
What is the millions digit of 63387672?
3
What is the thousands digit of 2365705093?
5
What is the ten millions digit of 41589569?
4
What is the hundred thousands digit of 111217366?
2
What is the hundreds digit of 28309181?
1
What is the hundred millions digit of 179477278?
1
What is the millions digit of 43386472?
3
What is the hundred millions digit of 103228115?
1
What is the hundred thousands digit of 6971726507?
7
What is the hundred thousands digit of 2364351?
3
What is the hundreds digit of 59286452?
4
What is the hundreds digit of 127458797?
7
What is the hundreds digit of 456290171?
1
What is the hundred thousands digit of 252067082?
0
What is the millions digit of 6131574652?
1
What is the ten thousands digit of 19405559?
0
What is the ten millions digit of 2458173655?
5
What is the units digit of 1173811279?
9
What is the ten thousands digit of 2161665006?
6
What is the units digit of 537565350?
0
What is the tens digit of 493411470?
7
What is the hundred thousands digit of 5531807599?
8
What is the millions digit of 4580199990?
0
What is the millions digit of 483086737?
3
What is the tens digit of 1596080429?
2
What is the millions digit of 400199529?
0
What is the tens digit of 126081342?
4
What is the units digit of 67855177?
7
What is the ten thousands digit of 1854726506?
2
What is the millions digit of 2505863009?
5
What is the tens digit of 777472017?
1
What is the billions digit of 7693797833?
7
What is the hundreds digit of 157999280?
2
What is the units digit of 80563634?
4
What is the ten thousands digit of 141086526?
8
What is the ten millions digit of 268801332?
6
What is the tens digit of 75991445?
4
What is the thousands digit of 3282804165?
4
What is the hundred thousands digit of 1134289018?
2
What is the hundreds digit of 279836071?
0
What is the thousands digit of 70138364?
8
What is the thousands digit of 150016705?
6
What is the ten millions digit of 784406595?
8
What is the ten millions digit of 1451638434?
5
What is the thousands digit of 104761741?
1
What is the ten thousands digit of 45844053?
4
What is the units digit of 5441418302?
2
What is the hundred millions digit of 1172965399?
1
What is the hundred millions digit of 133446010?
1
What is the millions digit of 317311131?
7
What is the tens digit of 116442729?
2
What is the ten millions digit of 2678235610?
7
What is the millions digit of 924494691?
4
What is the units digit of 44841473?
3
What is the millions digit of 401129656?
1
What is the hundred thousands digit of 4220893?
2
What is the hundred thousands digit of 13167190?
1
What is the millions digit of 95660767?
5
What is the ten millions digit of 1788467684?
8
What is the units digit of 421894020?
0
What is the tens digit of 2660171596?
9
What is the millions digit of 733796110?
3
What is the thousands digit of 256026040?
6
What is the hundred millions digit of 1223758319?
2
What is the ten thousands digit of 1022740568?
4
What